4*v - 8*v + 5*l. List the prime factors of v.
3, 19, 467
Let t(b) = 2*b**2 - 16*b + 42. Let a be t(8). Let r(v) = -v**2 + 61*v - 59. List the prime factors of r(a).
739
Let p(s) be the third derivative of s**5/10 - 13*s**4/24 - s**3/2 - 39*s**2. Let i be p(5). Suppose 0 = 4*y - 42 - i. What are the prime factors of y?
31
Suppose 2*a + 2*a = 96. Let j be (-12)/(-4*1) + 6. Let m = a - j. List the prime factors of m.
3, 5
Suppose 0 = -304*v - 120*v + 6936216. List the prime factors of v.
3, 7, 19, 41
Let t = 22581 - -9010. List the prime factors of t.
7, 4513
Let t(v) = 12*v - 2. Let d be t(6). Suppose -79*y + 60384 = 11*y + 318*y. Let w = y - d. List the prime factors of w.
2, 3, 13
Suppose -6*f + 4*f - 3*w - 1 = 0, -4*w = f - 7. What are the prime factors of f/(-2)*78/3?
5, 13
What are the prime factors of (29 - 19021/46)/((-262)/(-132) - 2)?
3, 11, 769
Suppose -64*r + 67*r + 2*q - 254191 = 0, 2*r - q = 169449. List the prime factors of r.
193, 439
Suppose 42*q = 41*q + 4*p + 10847, 5*q = 5*p + 54190. What are the prime factors of q?
5, 11, 197
Let o(c) = 12*c**2 + 43*c - 54. Let m(p) = -10*p**2 - 43*p + 55. Let n(f) = -4*m(f) - 3*o(f). List the prime factors of n(-21).
11, 73
Suppose -5*r = -2*r + 174. Let s = r - -53. List the prime factors of 10/3*42 + 7 + s.
2, 71
Let o = 19605 + 16269. What are the prime factors of o?
2, 3, 1993
Suppose -8*w + 10353 = -77047. List the prime factors of w.
5, 19, 23
Suppose -17*h - 3*f = -19*h + 15, 0 = -h + f + 6. Suppose -4*o = -1 - 7, h*i + 2*o - 2407 = 0. What are the prime factors of i?
3, 89
Let b be (14 + 0)/((16/12)/2). Let m = 9 - -16. Suppose -28 = -m*k + b*k. List the prime factors of k.
7
Let x = -425 + 560. Let f = x + 124. What are the prime factors of f?
7, 37
Suppose -7 = l + 5*h, 0 = -5*l + h - 4*h + 31. Let v(r) = -3*r - 11. Let q be v(l). Let m = q + 144. What are the prime factors of m?
109
Suppose -4*s - 2*y + 8 + 6 = 0, 5*y = -3*s + 14. Suppose -m + 5 = 0, 165 = 2*z + s*m - 160. List the prime factors of z.
5, 31
What are the prime factors of 10/6 + 3786752/258?
3, 7, 233
Let h(a) = -177*a**2 + 4*a - 3. Let g be h(1). Let q = -114 - g. List the prime factors of q.
2, 31
Suppose -2*x + 390 = 384. Suppose -x*k + 4069 = 4*v, v + v - 5*k - 2015 = 0. List the prime factors of v.
5, 7, 29
Let o(t) = t**3 - 6*t**2 - 3*t + 12. Let g be o(6). Let p be 189/g*(-6 + 10). Let k = p - -208. What are the prime factors of k?
2, 41
Suppose -5*l - 5865 = -675. Let p = l + 1811. List the prime factors of p.
773
Suppose 38 = -5*a - 4*n - 957, 4*n + 20 = 0. Let v(m) = -m**2 + m - 2. Let f be v(2). List the prime factors of f + a/(-10)*6.
113
Let m = 492 + -490. What are the prime factors of (-40 - -37) + 2774/m?
2, 173
Let s(g) be the third derivative of 23*g**4/12 + 79*g**3/6 + 47*g**2 - 1. List the prime factors of s(7).
401
Suppose 5*i - 48528 - 23098 = -3*b, 4*i - 57304 = -4*b. What are the prime factors of i?
2, 3581
Let h(x) = -x**2 - 15*x - 20. Suppose 7*v + 72 = 3*v. Let k be h(v). Let z = -30 - k. What are the prime factors of z?
2, 11
List the prime factors of 55/20 - 225702/(-24).
23, 409
Let r(n) = 68*n**3 + 3*n**2 - 8*n - 7. Let l(t) = -67*t**3 - 3*t**2 + 9*t + 5. Let i(a) = -4*l(a) - 5*r(a). What are the prime factors of i(-2)?
571
Let m(y) = y**3 - 12*y**2 + 27*y - 149. What are the prime factors of m(29)?
3, 7, 79
Let h(j) = 1804*j + 107. What are the prime factors of h(1)?
3, 7, 13
Let g be 132/14 + (125/35 - 4). Let m be (14/21)/((-2)/g). What are the prime factors of (9 - 151)*(0 - m)/(-3)?
2, 71
Suppose 0 = -5*p - u + 32 + 127, 2*p + u - 63 = 0. Suppose p*z = 11*z + 10605. List the prime factors of z.
5, 101
Let g(k) = -821*k - 1896. List the prime factors of g(-16).
2, 5, 281
Suppose -181*l + 180*l - 2*x + 19659 = 0, -x = -3*l + 59040. What are the prime factors of l?
3, 7, 937
Suppose 40*a = 18*a + 18*a + 5700. List the prime factors of a.
3, 5, 19
Let v(m) = 219 + 0*m**2 - m + 7*m**2 - m**2 + m**3 - 9*m**2. Let w be v(0). Let r = -64 + w. List the prime factors of r.
5, 31
Let a(x) = -4*x**2 - 22*x + 16. Let f(k) = -3*k**2 - 15*k + 11. Let i(j) = 5*a(j) - 7*f(j). Let m be i(4). List the prime factors of (377/(-26))/(m/10).
5, 29
Let g = 313 + -282. Suppose -63 = -4*r - g. List the prime factors of r.
2
Let h be ((-4)/3)/(8/(-36)). Let t be 2/8*(42360/5)/h. Let f = 502 - t. List the prime factors of f.
149
Suppose 160570 = 38*j - 103492. What are the prime factors of j?
6949
What are the prime factors of 993*2 - 456/(-57)?
2, 997
Let f(c) = -15*c + 120. Let l be f(6). Let t be 3/(-12) + 13/4. Suppose t*x - 6*x = -l. List the prime factors of x.
2, 5
Let h(j) = j**3 - 80*j**2 + 98*j - 123. List the prime factors of h(79).
2, 13, 53
Let t = 27 + -21. Let j(n) = -51*n + 4. Let l be j(-6). Suppose -t*f = -11*f + l. What are the prime factors of f?
2, 31
Let w(d) = 2*d - 18. Let y be w(5). List the prime factors of (-4 + (-24)/y)/(2/(-1914)).
3, 11, 29
Let f(x) = -8*x - 36. Let r be 0 + -1*22 + 0. Let h be f(r). Let s = -92 + h. List the prime factors of s.
2, 3
Suppose -4*d = 2*m - 8780, -24*d - 17545 = -4*m - 27*d. What are the prime factors of m?
2, 137
Let k be 3*(8/14 + (-37)/(-21)). Suppose -3*u = -k - 8. Suppose 0 = -u*r + 1818 - 738. What are the prime factors of r?
2, 3
Let g(c) = 29*c**3 - 18*c**2 - 3*c + 8. Let h(r) = -r**2 - r + 1. Let w(v) = -g(v) + 3*h(v). List the prime factors of w(-3).
11, 83
Let s(d) = -d**2 - 19*d - 44. Let p be s(-3). What are the prime factors of p/5 + 13727/35?
3, 131
List the prime factors of 27925/4 + (3/42)/(8/(-28)).
3, 13, 179
Suppose 5*u - u = -24. Let q be (-2)/u + (-3813)/(-9). Suppose -4*n + q = 20. List the prime factors of n.
101
Let w(q) = q**3 - q**2 + q - 2. Let n be w(2). Let l(u) = 75*u - 59. What are the prime factors of l(n)?
241
Suppose 90 = 2*n - 70. Let h(c) = -c**3 - 30*c**2 + c + 31. Let r be h(-30). List the prime factors of r/(((-25)/n)/(-5)).
2
Let s = -32 - -41. Suppose -s*y + 8027 = 539. List the prime factors of y.
2, 13
Suppose -5*x = -2*s + 13212, 2*x + 0*s = -4*s - 5280. Let l = x + 4498. What are the prime factors of l?
2, 29
Suppose 2*j - 4*h - 13646 = 0, 5*j + 7*h - 34180 = 4*h. Suppose -15*n + j = -5827. What are the prime factors of n?
2, 211
Suppose 66*r = 79*r - 13. Suppose 2*g - r - 3 = 0, 4*g = z - 1222. What are the prime factors of z?
2, 3, 5, 41
Let q(g) = 4*g + 49. Let j be q(-11). Suppose -1597 - 808 = -j*c. List the prime factors of c.
13, 37
Suppose -2368 = 4*u - 12*u. Let y = 159 - -49. Let k = u - y. What are the prime factors of k?
2, 11
Let q = 120 + -697. Let m = q + 1264. List the prime factors of m.
3, 229
Let r(a) be the third derivative of a**5/12 - 13*a**4/24 - 59*a**3/6 + 98*a**2. List the prime factors of r(-8).
5, 73
Let b = -10740 + 18179. List the prime factors of b.
43, 173
Suppose 4*p = 3*h + 186852, h = -4*p + 119979 + 66905. List the prime factors of p.
3, 29, 179
Let q(o) = o**2 + 35*o + 617. List the prime factors of q(-32).
521
Let m(r) = 2*r**2 - 9*r + 4. Let t be m(4). Suppose t = 2*y - 5*j - 764, -2*y = -0*j + 5*j - 784. What are the prime factors of y?
3, 43
Let x(n) = -n**2 + 20*n - 30. Let j be x(25). Let o = -149 - j. What are the prime factors of o?
2, 3
Let j be ((-84)/(-7) + -8)/1. Suppose 5*y + 596 = n - 251, -n + 843 = -j*y. What are the prime factors of n?
827
Let m = -36 - -39. Suppose 0 = -5*b + 13 - m. What are the prime factors of (66*4/3)/b?
2, 11
Suppose j + 3*j + 580 = 0. Let c = j - -288. List the prime factors of c.
11, 13
Let f = -161 - -287. Suppose f + 3591 = 9*j. What are the prime factors of j?
7, 59
Suppose 2*x - 1607 = 3*o, 5*x - 1441 = 3*o + 169. Let z = 0 - o. What are the prime factors of z?
5, 107
Suppose 2*u + 14 = 0, -28*u + 36911 = g - 24*u. List the prime factors of g.
3, 7, 1759
Let f be 2 + 0 + 0 - (-2 - 0). Suppose f*b = 1446 + 550. List the prime factors of b.
499
Suppose -l = -x + 161, 2*x - 3*l + 181 = 502. Let j be (0 - x) + (-1 - 1). Let n = -83 - j. List the prime factors of n.
3
Suppose 5*y = 3*y + 10*y. Suppose 2*p + 4*h + 476 = -0*p, 4*h + 12 = 0. List the prime factors of ((2 - y) + -1)/((-4)/p).
2, 29
Suppose -215*g + 9*z - 67857 = -218*g, 3*g = -2*z + 67829. What are the prime factors of g?
13, 37, 47
Let c(z) = 7*z**2 + 28*z +